{"id":8,"date":"2025-10-27T09:48:21","date_gmt":"2025-10-27T09:48:21","guid":{"rendered":"https:\/\/cacerescontemporanea.hachelab.es\/?page_id=8"},"modified":"2025-10-27T10:47:11","modified_gmt":"2025-10-27T10:47:11","slug":"home","status":"publish","type":"page","link":"https:\/\/cacerescontemporanea.hachelab.es\/","title":{"rendered":"Home"},"content":{"rendered":"\t\t<div data-elementor-type=\"wp-page\" data-elementor-id=\"8\" class=\"elementor elementor-8\">\n\t\t\t\t<div class=\"elementor-element elementor-element-e178e2d e-flex e-con-boxed e-con e-parent\" data-id=\"e178e2d\" data-element_type=\"container\">\n\t\t\t\t\t<div class=\"e-con-inner\">\n\t\t<div class=\"elementor-element elementor-element-2586bcc e-con-full e-flex e-con e-child\" data-id=\"2586bcc\" data-element_type=\"container\" data-settings=\"{&quot;background_background&quot;:&quot;classic&quot;}\">\n\t\t\t\t<div class=\"elementor-element elementor-element-9aa07c4 elementor-widget__width-inherit elementor-widget elementor-widget-image\" data-id=\"9aa07c4\" data-element_type=\"widget\" data-widget_type=\"image.default\">\n\t\t\t\t\t\t\t\t\t\t\t\t\t\t\t<img fetchpriority=\"high\" decoding=\"async\" width=\"495\" height=\"160\" src=\"https:\/\/cacerescontemporanea.hachelab.es\/wp-content\/uploads\/2025\/10\/imagen_2025-10-27_103749787-removebg-preview.png\" class=\"attachment-full size-full wp-image-11\" alt=\"\" srcset=\"https:\/\/cacerescontemporanea.hachelab.es\/wp-content\/uploads\/2025\/10\/imagen_2025-10-27_103749787-removebg-preview.png 495w, https:\/\/cacerescontemporanea.hachelab.es\/wp-content\/uploads\/2025\/10\/imagen_2025-10-27_103749787-removebg-preview-300x97.png 300w\" sizes=\"(max-width: 495px) 100vw, 495px\" \/>\t\t\t\t\t\t\t\t\t\t\t\t\t\t\t<\/div>\n\t\t\t\t<div class=\"elementor-element elementor-element-3c2eb86 elementor-widget-mobile__width-inherit elementor-widget__width-inherit elementor-widget elementor-widget-heading\" data-id=\"3c2eb86\" data-element_type=\"widget\" data-widget_type=\"heading.default\">\n\t\t\t\t\t<h1 class=\"elementor-heading-title elementor-size-default\">C\u00e1ceres<\/h1>\t\t\t\t<\/div>\n\t\t\t\t<div class=\"elementor-element elementor-element-fac3328 elementor-widget elementor-widget-heading\" data-id=\"fac3328\" data-element_type=\"widget\" data-widget_type=\"heading.default\">\n\t\t\t\t\t<h1 class=\"elementor-heading-title elementor-size-default\">Contempor\u00e1nea<\/h1>\t\t\t\t<\/div>\n\t\t<div class=\"elementor-element elementor-element-cd74741 e-con-full e-flex e-con e-child\" data-id=\"cd74741\" data-element_type=\"container\">\n\t\t<div class=\"elementor-element elementor-element-b7cb709 e-con-full e-flex e-con e-child\" data-id=\"b7cb709\" data-element_type=\"container\">\n\t\t\t\t<div class=\"elementor-element elementor-element-7161c43 elementor-widget elementor-widget-heading\" data-id=\"7161c43\" data-element_type=\"widget\" data-widget_type=\"heading.default\">\n\t\t\t\t\t<p class=\"elementor-heading-title elementor-size-default\">EVA LOOTZ<\/p>\t\t\t\t<\/div>\n\t\t\t\t<div class=\"elementor-element elementor-element-f626818 elementor-widget-divider--view-line elementor-widget elementor-widget-divider\" data-id=\"f626818\" data-element_type=\"widget\" data-widget_type=\"divider.default\">\n\t\t\t\t\t\t\t<div class=\"elementor-divider\">\n\t\t\t<span class=\"elementor-divider-separator\">\n\t\t\t\t\t\t<\/span>\n\t\t<\/div>\n\t\t\t\t\t\t<\/div>\n\t\t\t\t<\/div>\n\t\t<div class=\"elementor-element elementor-element-61102f5 e-con-full e-flex e-con e-child\" data-id=\"61102f5\" data-element_type=\"container\">\n\t\t\t\t<div class=\"elementor-element elementor-element-d8c98f0 elementor-widget elementor-widget-heading\" data-id=\"d8c98f0\" data-element_type=\"widget\" data-widget_type=\"heading.default\">\n\t\t\t\t\t<p class=\"elementor-heading-title elementor-size-default\">SOLEDAD SEVILLA<\/p>\t\t\t\t<\/div>\n\t\t\t\t<div class=\"elementor-element elementor-element-360d6a4 elementor-widget-divider--view-line elementor-widget elementor-widget-divider\" data-id=\"360d6a4\" data-element_type=\"widget\" data-widget_type=\"divider.default\">\n\t\t\t\t\t\t\t<div class=\"elementor-divider\">\n\t\t\t<span class=\"elementor-divider-separator\">\n\t\t\t\t\t\t<\/span>\n\t\t<\/div>\n\t\t\t\t\t\t<\/div>\n\t\t\t\t<\/div>\n\t\t\t\t<\/div>\n\t\t\t\t<\/div>\n\t\t<div class=\"elementor-element elementor-element-7bba897 e-con-full e-flex e-con e-child\" data-id=\"7bba897\" data-element_type=\"container\">\n\t\t\t\t<div class=\"elementor-element elementor-element-6b00cdc elementor-widget elementor-widget-text-editor\" data-id=\"6b00cdc\" data-element_type=\"widget\" data-widget_type=\"text-editor.default\">\n\t\t\t\t\t\t\t\t\t<h2><strong>OCT-DIC<\/strong><br \/><strong>2025<\/strong><\/h2><p>Comisario<br \/>Juan Antonio<br \/>\u00c1lvarez Reyes<\/p>\t\t\t\t\t\t\t\t<\/div>\n\t\t\t\t<\/div>\n\t\t\t\t\t<\/div>\n\t\t\t\t<\/div>\n\t\t<div class=\"elementor-element elementor-element-7c0953d e-flex e-con-boxed e-con e-parent\" data-id=\"7c0953d\" data-element_type=\"container\">\n\t\t\t\t\t<div class=\"e-con-inner\">\n\t\t<div class=\"elementor-element elementor-element-89a884a e-con-full e-flex e-con e-child\" data-id=\"89a884a\" data-element_type=\"container\">\n\t\t<div class=\"elementor-element elementor-element-051f8e0 e-con-full e-flex e-con e-child\" data-id=\"051f8e0\" data-element_type=\"container\">\n\t\t\t\t<div class=\"elementor-element elementor-element-e0aa1cd elementor-widget elementor-widget-heading\" data-id=\"e0aa1cd\" data-element_type=\"widget\" data-widget_type=\"heading.default\">\n\t\t\t\t\t<p class=\"elementor-heading-title elementor-size-default\">KARLOS GIL<\/p>\t\t\t\t<\/div>\n\t\t\t\t<div class=\"elementor-element elementor-element-ea85481 elementor-widget-divider--view-line elementor-widget elementor-widget-divider\" data-id=\"ea85481\" data-element_type=\"widget\" data-widget_type=\"divider.default\">\n\t\t\t\t\t\t\t<div class=\"elementor-divider\">\n\t\t\t<span class=\"elementor-divider-separator\">\n\t\t\t\t\t\t<\/span>\n\t\t<\/div>\n\t\t\t\t\t\t<\/div>\n\t\t\t\t<\/div>\n\t\t<div class=\"elementor-element elementor-element-63884e2 e-con-full e-flex e-con e-child\" data-id=\"63884e2\" data-element_type=\"container\">\n\t\t\t\t<div class=\"elementor-element elementor-element-10fa9f2 elementor-widget elementor-widget-heading\" data-id=\"10fa9f2\" data-element_type=\"widget\" data-widget_type=\"heading.default\">\n\t\t\t\t\t<p class=\"elementor-heading-title elementor-size-default\">INMA FEMENIA <\/p>\t\t\t\t<\/div>\n\t\t\t\t<div class=\"elementor-element elementor-element-4e9ddc7 elementor-widget-divider--view-line elementor-widget elementor-widget-divider\" data-id=\"4e9ddc7\" data-element_type=\"widget\" data-widget_type=\"divider.default\">\n\t\t\t\t\t\t\t<div class=\"elementor-divider\">\n\t\t\t<span class=\"elementor-divider-separator\">\n\t\t\t\t\t\t<\/span>\n\t\t<\/div>\n\t\t\t\t\t\t<\/div>\n\t\t\t\t<\/div>\n\t\t<div class=\"elementor-element elementor-element-13c7fa3 e-con-full e-flex e-con e-child\" data-id=\"13c7fa3\" data-element_type=\"container\">\n\t\t\t\t<div class=\"elementor-element elementor-element-e227d03 elementor-widget elementor-widget-heading\" data-id=\"e227d03\" data-element_type=\"widget\" data-widget_type=\"heading.default\">\n\t\t\t\t\t<p class=\"elementor-heading-title elementor-size-default\">LEONOR SERRANO RIVAS<\/p>\t\t\t\t<\/div>\n\t\t\t\t<div class=\"elementor-element elementor-element-9019eec elementor-widget-divider--view-line elementor-widget elementor-widget-divider\" data-id=\"9019eec\" data-element_type=\"widget\" data-widget_type=\"divider.default\">\n\t\t\t\t\t\t\t<div class=\"elementor-divider\">\n\t\t\t<span class=\"elementor-divider-separator\">\n\t\t\t\t\t\t<\/span>\n\t\t<\/div>\n\t\t\t\t\t\t<\/div>\n\t\t\t\t<\/div>\n\t\t<div class=\"elementor-element elementor-element-85c2946 e-con-full e-flex e-con e-child\" data-id=\"85c2946\" data-element_type=\"container\">\n\t\t\t\t<div class=\"elementor-element elementor-element-3419bb3 elementor-widget elementor-widget-heading\" data-id=\"3419bb3\" data-element_type=\"widget\" data-widget_type=\"heading.default\">\n\t\t\t\t\t<p class=\"elementor-heading-title elementor-size-default\">MARC VILANOVA<\/p>\t\t\t\t<\/div>\n\t\t\t\t<div class=\"elementor-element elementor-element-c4939ce elementor-widget-divider--view-line elementor-widget elementor-widget-divider\" data-id=\"c4939ce\" data-element_type=\"widget\" data-widget_type=\"divider.default\">\n\t\t\t\t\t\t\t<div class=\"elementor-divider\">\n\t\t\t<span class=\"elementor-divider-separator\">\n\t\t\t\t\t\t<\/span>\n\t\t<\/div>\n\t\t\t\t\t\t<\/div>\n\t\t\t\t<\/div>\n\t\t<div class=\"elementor-element elementor-element-3449d1c e-con-full e-flex e-con e-child\" data-id=\"3449d1c\" data-element_type=\"container\">\n\t\t\t\t<div class=\"elementor-element elementor-element-59ffc9e elementor-widget elementor-widget-heading\" data-id=\"59ffc9e\" data-element_type=\"widget\" data-widget_type=\"heading.default\">\n\t\t\t\t\t<p class=\"elementor-heading-title elementor-size-default\">ABEL JARAMILLO<\/p>\t\t\t\t<\/div>\n\t\t\t\t<div class=\"elementor-element elementor-element-9a9947e elementor-widget-divider--view-line elementor-widget elementor-widget-divider\" data-id=\"9a9947e\" data-element_type=\"widget\" data-widget_type=\"divider.default\">\n\t\t\t\t\t\t\t<div class=\"elementor-divider\">\n\t\t\t<span class=\"elementor-divider-separator\">\n\t\t\t\t\t\t<\/span>\n\t\t<\/div>\n\t\t\t\t\t\t<\/div>\n\t\t\t\t<\/div>\n\t\t\t\t<\/div>\n\t\t\t\t<div class=\"elementor-element elementor-element-b755d69 elementor-widget__width-inherit elementor-widget elementor-widget-html\" data-id=\"b755d69\" data-element_type=\"widget\" data-widget_type=\"html.default\">\n\t\t\t\t\t<iframe src=\"https:\/\/www.laticketera.es\/par-public\/rest\/evento\/id\/5668914?inIframe=true\" width=\"800\" height=650px\" title=\"Ejemplo de p\u00e1gina web\"><\/iframe>\t\t\t\t<\/div>\n\t\t\t\t\t<\/div>\n\t\t\t\t<\/div>\n\t\t<div class=\"elementor-element elementor-element-66ae602 e-flex e-con-boxed e-con e-parent\" data-id=\"66ae602\" data-element_type=\"container\">\n\t\t\t\t\t<div class=\"e-con-inner\">\n\t\t<div class=\"elementor-element elementor-element-5de7164 e-con-full e-flex e-con e-child\" data-id=\"5de7164\" data-element_type=\"container\">\n\t\t\t\t<div class=\"elementor-element elementor-element-06e8045 elementor-widget__width-inherit elementor-widget elementor-widget-image\" data-id=\"06e8045\" data-element_type=\"widget\" data-widget_type=\"image.default\">\n\t\t\t\t\t\t\t\t\t\t\t\t\t\t\t<img decoding=\"async\" width=\"512\" height=\"250\" src=\"https:\/\/cacerescontemporanea.hachelab.es\/wp-content\/uploads\/2025\/10\/imagen_2025-10-27_113722749.png\" class=\"attachment-full size-full wp-image-34\" alt=\"\" srcset=\"https:\/\/cacerescontemporanea.hachelab.es\/wp-content\/uploads\/2025\/10\/imagen_2025-10-27_113722749.png 512w, https:\/\/cacerescontemporanea.hachelab.es\/wp-content\/uploads\/2025\/10\/imagen_2025-10-27_113722749-300x146.png 300w\" sizes=\"(max-width: 512px) 100vw, 512px\" \/>\t\t\t\t\t\t\t\t\t\t\t\t\t\t\t<\/div>\n\t\t\t\t<\/div>\n\t\t<div class=\"elementor-element elementor-element-39755a0 e-con-full e-flex e-con e-child\" data-id=\"39755a0\" data-element_type=\"container\">\n\t\t\t\t<\/div>\n\t\t<div class=\"elementor-element elementor-element-fad4773 e-con-full e-flex e-con e-child\" data-id=\"fad4773\" data-element_type=\"container\">\n\t\t\t\t<\/div>\n\t\t\t\t\t<\/div>\n\t\t\t\t<\/div>\n\t\t\t\t<\/div>\n\t\t","protected":false},"excerpt":{"rendered":"<p>C\u00e1ceres Contempor\u00e1nea EVA LOOTZ SOLEDAD SEVILLA OCT-DIC2025 ComisarioJuan Antonio\u00c1lvarez Reyes KARLOS GIL INMA FEMENIA LEONOR SERRANO RIVAS MARC VILANOVA ABEL JARAMILLO<\/p>\n","protected":false},"author":1,"featured_media":0,"parent":0,"menu_order":0,"comment_status":"closed","ping_status":"closed","template":"elementor_canvas","meta":{"footnotes":""},"class_list":["post-8","page","type-page","status-publish","hentry"],"_links":{"self":[{"href":"https:\/\/cacerescontemporanea.hachelab.es\/index.php?rest_route=\/wp\/v2\/pages\/8","targetHints":{"allow":["GET"]}}],"collection":[{"href":"https:\/\/cacerescontemporanea.hachelab.es\/index.php?rest_route=\/wp\/v2\/pages"}],"about":[{"href":"https:\/\/cacerescontemporanea.hachelab.es\/index.php?rest_route=\/wp\/v2\/types\/page"}],"author":[{"embeddable":true,"href":"https:\/\/cacerescontemporanea.hachelab.es\/index.php?rest_route=\/wp\/v2\/users\/1"}],"replies":[{"embeddable":true,"href":"https:\/\/cacerescontemporanea.hachelab.es\/index.php?rest_route=%2Fwp%2Fv2%2Fcomments&post=8"}],"version-history":[{"count":25,"href":"https:\/\/cacerescontemporanea.hachelab.es\/index.php?rest_route=\/wp\/v2\/pages\/8\/revisions"}],"predecessor-version":[{"id":43,"href":"https:\/\/cacerescontemporanea.hachelab.es\/index.php?rest_route=\/wp\/v2\/pages\/8\/revisions\/43"}],"wp:attachment":[{"href":"https:\/\/cacerescontemporanea.hachelab.es\/index.php?rest_route=%2Fwp%2Fv2%2Fmedia&parent=8"}],"curies":[{"name":"wp","href":"https:\/\/api.w.org\/{rel}","templated":true}]}}